= -40 - -40. Suppose -9*s + 18 + 126 = h. Suppose 4*x = s, 24 = 3*g - 3*x - 60. What are the prime factors of g?
2
Suppose -9*j + 4*j + 2*t = -15, 4*j + 4*t - 12 = 0. Suppose 3*h - 2052 = -2*p, j*p = 5*p. List the prime factors of h.
2, 3, 19
Let x(d) = d**3 + 49*d**2 - 520*d - 104. What are the prime factors of x(-50)?
2, 5849
Let u = -142 - -144. Let a be u + (0 - 3) + 7. What are the prime factors of (a/(-3))/(9/(-1341))?
2, 149
Let y(k) be the third derivative of -11*k**4/24 + 7*k**3/6 - 47*k**2. Let m(i) = -22*i + 15. Let s(a) = 6*m(a) - 11*y(a). List the prime factors of s(-6).
79
Let j(o) = 0*o + 3*o**2 + 9 + 9*o - 2 + 6*o. Let p be j(6). Suppose -9*q = -182 - p. What are the prime factors of q?
43
Let x(j) = 23*j**2 - 20*j + 90. What are the prime factors of x(-22)?
2, 7, 17
Suppose 4 = -12*y + 13*y. Suppose -y*f = -4*g + 7*g - 30, 0 = g + f - 11. Suppose 6 = r - g. What are the prime factors of r?
2, 5
Let s = 4625 - -4412. What are the prime factors of s?
7, 1291
Let n be (-93 + -95)*35/14. Let m(r) = -470*r - 2. Let u be m(2). List the prime factors of (-6 - -7)/(-2 + u/n).
5, 47
Let s be -5 + 534 - -1 - -3. Suppose r + 393 = 4*r + 3*p, -p = 4*r - s. List the prime factors of r.
2, 67
List the prime factors of (2064/(-32))/(21/(-7952)).
2, 43, 71
Let n(i) = -i**2 - 380*i + 63. List the prime factors of n(-69).
2, 3, 17, 211
Suppose -49*p + 3513 = -48*p + 4*o, 4*p + o - 14097 = 0. What are the prime factors of p?
3, 5, 47
What are the prime factors of (-1136)/(-32)*112 + (-2 - -2)?
2, 7, 71
Let j(c) = 6 - 4*c**2 - 5*c - 2*c**3 - 2*c**3 - 3 + 3*c**3. Let p = 67 + -73. What are the prime factors of j(p)?
3, 5, 7
Let m(w) = 15*w**2 - 20*w + 211. What are the prime factors of m(24)?
11, 761
Let c(y) = 118*y + 34. Let x be c(-4). Let s = x - -975. What are the prime factors of s?
3, 179
Suppose o = -c + 4380, 0 = -22*o + 27*o. What are the prime factors of c?
2, 3, 5, 73
Suppose -4*q + 165284 = 4*w, 16*q + 2*w = 11*q + 206587. List the prime factors of q.
5, 8263
Let g(q) = 31*q**3 - 8*q**2 - 5*q + 70. List the prime factors of g(6).
2, 13, 31
Let y(t) = 2*t**2 + 14*t + 23. Let c be y(-9). Let k = -59 + c. List the prime factors of (-90 + k)/((-3)/8).
2, 3, 5
Let g(o) = 4*o**3 + 130*o**2 + 40*o + 13. List the prime factors of g(-20).
19213
Let j(g) = -71*g - 41. Suppose -2*h = 4, 3*s + h + 29 = 3*h. List the prime factors of j(s).
2, 5, 37
Suppose -3*x + 66 = 4*w, -3*w + 48 = -12*x + 15*x. Suppose w*b - 11552 = -b. List the prime factors of b.
2, 19
Suppose -9*y - 2320 = -29*y. Suppose 0 = -3*j + 1244 - y. List the prime factors of j.
2, 47
Let p(x) = -8*x**3 - x**2 + x + 3. Let t be p(2). Let z be (t/(-35))/((-6)/(-50)). Suppose -z*i = -4*i - 979. List the prime factors of i.
89
Let n = -14 - -8. Let j be ((-72)/(-15))/(n/(-20)). Suppose 0 = z - 4*v - 4, 4*z = -2*v + j + 18. What are the prime factors of z?
2
Suppose 0 = 4*u - 3*u - 28. Let a = -287 - -302. Suppose a = n - u. What are the prime factors of n?
43
Suppose 124 = 4*f + o, -5*f - 37 = -3*o - 192. Let d = f + -16. List the prime factors of (0 - -3)*5/(d/34).
2, 17
Suppose -w - 3*w + 52 = 0. Let p(a) = 3*a**2 + 2*a - 28. Let f(x) = 5*x**2 + x - 28. Let o(n) = 2*f(n) - 3*p(n). List the prime factors of o(w).
5, 29
Suppose 6*c + 24*c - 1405457 = -409277. What are the prime factors of c?
2, 16603
Let u = 24 + -30. Let b be 0/(-1)*u/(-12*1). Let w(f) = f**3 - 2*f + 31. List the prime factors of w(b).
31
Let z(g) be the third derivative of 101*g**5/60 - g**4/2 + 13*g**3/6 - 82*g**2. List the prime factors of z(-3).
2, 479
Let u(d) be the third derivative of -d**5/60 - d**4/8 + 5*d**3/3 + 2*d**2. Let r be u(-6). What are the prime factors of (214/r*-2)/((-2)/(-4))?
107
Let c(z) = -26*z + 1. Let w be c(-5). Let u = 22 + w. Let j = u - 80. What are the prime factors of j?
73
Suppose -407*z + 406*z + 3*p = -25499, -z + 25493 = -2*p. List the prime factors of z.
83, 307
Let q(a) = -a - 1. Let c(d) = 2*d**2 - 12*d - 6. Let p(x) = -c(x) + 3*q(x). Let u be 4 - (0*2/4)/(-1). What are the prime factors of p(u)?
7
Let p be 5*18/20*(-2)/(-3). Suppose -p*v + 738 = -531. List the prime factors of v.
3, 47
Suppose 2*t = 3*n - 3*t + 8, -n = 2*t + 10. Let y(j) = -j - 30 + 9 - 2*j - 4*j. List the prime factors of y(n).
3, 7
Let p(m) = 491*m**2 - 4*m - 11. What are the prime factors of p(-3)?
2, 5, 13, 17
List the prime factors of 9 - (-20002 + 0 + -16).
7, 2861
Let h(z) = 22*z**3 + 4*z**2 - 13*z + 52. Let n be h(4). Suppose 67*s - n = 63*s. List the prime factors of s.
2, 23
Suppose -6*z + 88 = 5*z. Suppose 18*y - 5510 = z*y. What are the prime factors of y?
19, 29
Suppose 186 + 339 = p. Let l = -180 + p. Suppose 2*v = -5*z + l, -z = 3*z - 3*v - 253. What are the prime factors of z?
67
Let q(u) = u**3 - 6*u**2 + u**2 - 6*u + 8 + 0*u**2. Let j be q(6). Suppose -3*s + j*s + 20 = 0, 5*d - 396 = 4*s. What are the prime factors of d?
2, 19
Let d be (-162)/(-45)*5/3. Suppose 30*h = 32*h - d. What are the prime factors of (-9)/h - (-68 + 1)?
2
Suppose -3*r = 18*r - 2877. Let v = r + 186. List the prime factors of v.
17, 19
Suppose x - 28 = 4*q, -2*x + 16 = -2*q + 2. What are the prime factors of 2/8 - q/((-28)/(-1331))?
3, 37
Suppose 19*w = 40*w - 14*w - 46585. What are the prime factors of w?
5, 11
Suppose -57*w - 504 = -69*w. Suppose 46*f - w*f = 560. List the prime factors of f.
2, 5, 7
Let j(q) = 6*q**2 + 14*q + 4. Let g be 1/(-2) - (-23)/(-2). Let h be j(g). Suppose 2*i - h = -2*i. List the prime factors of i.
5, 7
Let m = -23552 - -35232. List the prime factors of m.
2, 5, 73
Let f(p) = 2*p**3 + 14*p**2 - 6*p - 12. Let z be f(-7). Suppose 7*a - 527 + z = 0. List the prime factors of a.
71
Let d = -183 - -181. What are the prime factors of -439*(2 - 6)/(-8)*d?
439
Let a(p) = -2*p - 10. Let f be (2 - 9) + 3 + 0. Let i be a(f). List the prime factors of 4 + (-4 - i) - -131.
7, 19
Let m be (-5)/15 - (-23)/(-3). Let b(z) = z**2 + 2*z - 40. Let j be b(m). Suppose -j*c = -646 - 730. List the prime factors of c.
2, 43
Let v be (-8)/(-20)*(-40)/(-2). Let b be (-66)/8 + 10/v. What are the prime factors of (-12 - b)/(3/(-30))?
2, 5
Let j(a) = 14*a**3 + 2*a**2 - 2*a + 1. Let d be j(1). Suppose 18*y - 324 = d*y. Suppose 3*v = 0, -3*h + 2*v - v = -y. What are the prime factors of h?
2, 3
Let m = 4979 - 793. List the prime factors of m.
2, 7, 13, 23
Let g = -35 + 40. Suppose -3*k - 84 = k + 5*i, k = -g*i - 36. List the prime factors of 79*(k - -1)/(-5).
3, 79
Suppose 3*q = 22*p - 24*p + 155830, -3*q = 12. List the prime factors of p.
67, 1163
Suppose -3*l + 39930 = 2*h, 11*h + 5*l = 12*h - 19978. What are the prime factors of h?
2, 3, 13
Let z be 2/((-8)/3) + (-352)/(-128). Suppose -u + z*b = -575, 6*u - 1707 = 3*u - 3*b. What are the prime factors of u?
571
Suppose 3*w = -2*h + 36357, -4*h = -8*w + 6*w + 24206. What are the prime factors of w?
5, 2423
Let k(u) = u**3 + 38*u**2 - 368*u + 25. List the prime factors of k(26).
33721
Suppose -391 - 258 = l. Let u = l - -1147. List the prime factors of u.
2, 3, 83
Let v = 812 + -571. Let r = v - -64. What are the prime factors of r?
5, 61
Let v(n) be the third derivative of -n**6/60 + 8*n**5/15 - 7*n**4/12 + 5*n**3/6 - 79*n**2. What are the prime factors of v(15)?
5, 7
What are the prime factors of (48/40)/3*(6736 - -4)?
2, 337
Suppose 4*q + 4 = 3*j, -j - 6 = -3*q - 9. Let r(z) = -z**2 - z + 5. Let n be r(-3). What are the prime factors of n + 2/(-2 + j)*-130?
3, 43
What are the prime factors of 3787/2164 - 378893/(-4)?
3, 5, 421
Let w = 16696 - 7355. Suppose 30*j - 16759 = w. What are the prime factors of j?
2, 3, 5, 29
Let z = 550 - 541. List the prime factors of 12654/z - 7 - (-5 - -1).
23, 61
Let n = -252 + 224. What are the prime factors of (-4)/n + (-26616)/(-84)?
317
Suppose 1407*d - 1405*d = 13866. List the prime factors of d.
3, 2311
Let p = 98 - 38. Let o be 180/p - (-1 + 2/2). Suppose -2*w = -3*v + 500, -o*v - 2*w + 676 = v. What are the prime factors of v?
2, 3, 7
List the prime factors of 13/((-78)/(-50212))*3/2 - -1.
2, 6277
Let t(i) = i**2 - 24. Let a be t(6). Let d(l) = 4*l**2 - 15*l + 23. What are the prime factors of d(a)?
419
List the prime factors of (-42 + (21 - 49))/((-3)/1812).
2, 5, 7, 151
Let d be ((-30)/30)/((-2)/4). Let l be (-5)/2*4/(-5). 